 factors of 84863447?
84863447
What are the prime factors of 2231587179?
3, 37, 744607
What are the prime factors of 7800880824?
2, 3, 11, 3283199
List the prime factors of 791728141.
791728141
List the prime factors of 120659285.
5, 17, 29, 31, 1579
List the prime factors of 2930454146.
2, 1465227073
List the prime factors of 5620110001.
11, 31, 223, 73907
What are the prime factors of 127246923?
3, 743, 6343
What are the prime factors of 18893375?
5, 17, 523
What are the prime factors of 45149211?
3, 61, 79, 347
What are the prime factors of 92304487?
11, 762847
What are the prime factors of 1459638213?
3, 11, 23, 1923107
What are the prime factors of 73011146?
2, 13, 71, 39551
List the prime factors of 991744120.
2, 5, 2683, 9241
What are the prime factors of 294511644?
2, 3, 7, 43, 27179
What are the prime factors of 27307396?
2, 6826849
What are the prime factors of 451281142?
2, 13, 17356967
List the prime factors of 51768001.
43, 173, 6959
What are the prime factors of 85090434?
2, 3, 11, 13, 99173
What are the prime factors of 648212202?
2, 3, 11, 3273799
What are the prime factors of 659240363?
127, 5190869
What are the prime factors of 106525364?
2, 11, 2421031
List the prime factors of 13540524.
2, 3, 149, 7573
What are the prime factors of 618034372?
2, 3659, 42227
List the prime factors of 739788243.
3, 467, 528043
What are the prime factors of 96904678?
2, 13, 3727103
What are the prime factors of 148698332?
2, 19, 1129, 1733
What are the prime factors of 1602123695?
5, 15731, 20369
What are the prime factors of 128758356?
2, 3, 1192207
What are the prime factors of 65069575?
5, 2602783
List the prime factors of 171829761.
3, 17, 1163, 2897
List the prime factors of 51914199.
3, 17304733
List the prime factors of 145189615.
5, 29037923
What are the prime factors of 679927603?
679927603
List the prime factors of 414826695.
3, 5, 101, 107, 853
What are the prime factors of 6773486246?
2, 23, 7417, 19853
What are the prime factors of 12477406?
2, 6238703
What are the prime factors of 1181441673?
3, 17, 2573947
List the prime factors of 401245647.
3, 11, 67, 173, 1049
List the prime factors of 2387356426.
2, 7, 13, 13117343
What are the prime factors of 49625698?
2, 43, 577043
List the prime factors of 603134214.
2, 3, 19, 5290651
What are the prime factors of 29640513?
3, 7, 19, 74287
What are the prime factors of 167881235?
5, 457, 73471
List the prime factors of 6859640461.
233, 373, 78929
What are the prime factors of 217343878?
2, 17, 1847, 3461
List the prime factors of 13763954.
2, 6881977
What are the prime factors of 2125599825?
3, 5, 19, 1491649
List the prime factors of 45568317.
3, 307, 49477
What are the prime factors of 4575986484?
2, 3, 1301, 293107
What are the prime factors of 426467947?
359, 1187933
What are the prime factors of 75431037?
3, 11, 207799
List the prime factors of 3129233147.
89, 35159923
List the prime factors of 337699664.
2, 29, 181, 4021
What are the prime factors of 73853354?
2, 173, 213449
What are the prime factors of 231509944?
2, 17, 41, 41519
List the prime factors of 323806535.
5, 13, 23, 16661
What are the prime factors of 2868594264?
2, 3, 4426843
What are the prime factors of 4966029213?
3, 67, 1579, 15647
What are the prime factors of 967492525?
5, 17, 7877
What are the prime factors of 59599100?
2, 5, 11, 54181
What are the prime factors of 64916698?
2, 7, 11, 191, 2207
List the prime factors of 3696834488.
2, 462104311
What are the prime factors of 4295206063?
19, 79, 1181, 2423
What are the prime factors of 388567414?
2, 37, 41, 89, 1439
What are the prime factors of 59016825?
3, 5, 7, 53, 101
What are the prime factors of 43092200?
2, 5, 215461
List the prime factors of 2924093723.
101, 28951423
What are the prime factors of 198621985?
5, 1741, 22817
List the prime factors of 45825889.
109, 420421
List the prime factors of 835125100.
2, 5, 863, 9677
What are the prime factors of 935715948?
2, 3, 43, 569, 3187
List the prime factors of 563558722.
2, 157, 1794773
List the prime factors of 3240518839.
181, 1171, 15289
What are the prime factors of 92303147?
1583, 58309
List the prime factors of 15230336.
2, 11, 29, 373
What are the prime factors of 204291626?
2, 7, 11, 179, 7411
What are the prime factors of 4967576784?
2, 3, 37, 932353
List the prime factors of 104385603.
3, 7, 4970743
List the prime factors of 496184855.
5, 99236971
What are the prime factors of 1121668214?
2, 73, 7682659
What are the prime factors of 218246505?
3, 5, 113, 331, 389
What are the prime factors of 28401930?
2, 3, 5, 41, 43, 179
List the prime factors of 63120733.
13, 29, 167429
List the prime factors of 387484095.
3, 5, 25832273
List the prime factors of 162480256.
2, 1269377
List the prime factors of 265703819.
257, 1033867
What are the prime factors of 17380371?
3, 157, 36901
List the prime factors of 188451480.
2, 3, 5, 7, 31, 7237
What are the prime factors of 60594721?
11, 431, 12781
List the prime factors of 2202952008.
2, 3, 31, 2960957
What are the prime factors of 304259941?
251, 1212191
List the prime factors of 113842329.
3, 59, 107, 6011
List the prime factors of 34917192.
2, 3, 89, 5449
List the prime factors of 176938113.
3, 11, 281, 19081
List the prime factors of 10302647.
10302647
List the prime factors of 248693211.
3, 13, 313, 6791
List the prime factors of 556271473.
556271473
List the prime factors of 1988515.
5, 499, 797
What are the prime factors of 956301?
3, 17, 1103
List the prime factors of 35397952.
2, 553093
What are the prime factors of 1131301615?
5, 226260323
What are the prime factors of 45116785?
5, 7, 641, 2011
List the prime factors of 80387804.
2, 7, 2870993
List the prime factors of 61712460.
2, 3, 5, 342847
What are the prime factors of 14132136?
2, 3, 588839
List the prime factors of 1602099071.
1602099071
What are the prime factors of 54617889?
3, 17, 1070939
What are the prime factors of 128710130?
2, 5, 137, 93949
What are the prime factors of 146246876?
2, 19, 101279
List the prime factors of 1792715157.
3, 37, 5383529
List the prime factors of 183342760.
2, 5, 4583569
What are the prime factors of 2896704688?
2, 181044043
List the prime factors of 4483827.
3, 23, 21661
What are the prime factors of 919681656?
2, 3, 38320069
List the prime factors of 111336458.
2, 55668229
List the prime factors of 631716473.
631716473
What are the prime factors of 1688889538?
2, 7, 1193, 101119
List the prime factors of 97892537.
53, 311, 5939
What are the prime factors of 1007888888?
2, 23, 238159
List the prime factors of 97341279.
3, 7, 1789, 2591
List the prime factors of 102408910.
2, 5, 1543, 6637
List the prime factors of 683640538.
2, 7, 48831467
What are the prime factors of 10647037?
67, 367, 433
What are the prime factors of 560390992?
2, 7, 17, 89, 3307
What are the prime factors of 133870579?
6043, 22153
List the prime factors of 31264160.
2, 5, 195401
List the prime factors of 41508923.
41508923
What are the prime factors of 4627916?
2, 41, 28219
List the prime factors of 97668144.
2, 3, 7, 96893
What are the prime factors of 20617021?
211, 97711
List the prime factors of 32061102.
2, 3, 5343517
List the prime factors of 3250112135.
5, 650022427
What are the prime factors of 65526142?
2, 11, 1487, 2003
List the prime factors of 688585688.
2, 7, 19, 37, 17491
What are the prime factors of 431923692?
2, 3, 17, 2117273
List the prime factors of 473169394.
2, 29, 37, 79, 2791
What are the prime factors of 78844798?
2, 39422399
What are the prime factors of 483939928?
2, 67, 902873
What are the prime factors of 202554834?
2, 3, 33759139
List the prime factors of 38740764.
2, 3, 43, 75079
What are the prime factors of 40616920?
2, 5, 1015423
List the prime factors of 2984100048.
2, 3, 41, 331, 509
List the prime factors of 86014481.
7, 449, 27367
List the prime factors of 50879572.
2, 17, 29, 25801
List the prime factors of 96674146.
2, 41, 1178953
What are the prime factors of 177556923?
3, 19728547
What are the prime factors of 1754698631?
7, 250671233
What are the prime factors of 2120493327?
3, 706831109
List the prime factors of 66225562.
2, 13, 2547137
List the prime factors of 834548696.
2, 104318587
What are the prime factors of 55035500?
2, 5, 13, 8467
Wh